{"id":1691,"date":"2015-02-19T17:57:00","date_gmt":"2015-02-19T16:57:00","guid":{"rendered":"http:\/\/www.woschofius.de\/?page_id=1691"},"modified":"2018-03-12T14:42:23","modified_gmt":"2018-03-12T13:42:23","slug":"vorfuehrung-die-lust-an-der-unterwerfung","status":"publish","type":"page","link":"https:\/\/www.woschofius.de\/?page_id=1691","title":{"rendered":"Vorf\u00fchrung- die Lust an der Unterwerfung"},"content":{"rendered":"<p><a href=\"https:\/\/www.woschofius.de\/woschofius\/wp-content\/uploads\/strafbuch.jpg\"><img loading=\"lazy\" decoding=\"async\" class=\"alignleft wp-image-677\" src=\"https:\/\/www.woschofius.de\/woschofius\/wp-content\/uploads\/strafbuch.jpg\" alt=\"strafbuch\" width=\"202\" height=\"284\" \/><\/a>Bereits in der ber\u00fchmten \u201eGeschichte der O\u201c werden Sklavinnen einem gr\u00f6\u00dferen Publikum vorgef\u00fchrt und anschlie\u00dfend zur sexuellen Benutzung und Abstrafung \u00fcberlassen.<br \/>\nDie erotische Variante dieses Szenario fasziniert viele Menschen und vor allen Dingen viele Frauen. Es ist ein erotischer Kick sich eine Gruppe Fremder pr\u00e4sentieren zu m\u00fcssen, angefasst zu werden und vielleicht auch mehr.<br \/>\nDoch ohne Regeln und eine gute Vorbereitung &#8222;kippt&#8220; so ein erotisches Szenario rasch und hinterl\u00e4sst einen faden Geschmack oder emotionale Verletzungen.<br \/>\nDieser Vortrag\/Themenabend zeigt wie man einen solchen Event organisieren kann, damit es am Ende f\u00fcr alle ein tolles Erlebnis war. Das Wichtigste dabei ist einen gute Vorbereitung, da 80% des Erfolgs bereits vor dem Event angelegt werden.<\/p>\n<p>&nbsp;<\/p>\n<p>&nbsp;<\/p>\n<p><strong>Inhalt:<\/strong><\/p>\n<ul>\n<li>Wie organisiere ich das?<\/li>\n<li>Wie stelle ich sicher, dass nicht passiert?<\/li>\n<li>Wie kann ein m\u00f6glicher Ablauf aussehen?<\/li>\n<li>Wie schaffe ich einen guten Spannungsbogen?<\/li>\n<li>Wie werden die G\u00e4ste und die Sklavin &#8222;eingewiesen&#8220;?<\/li>\n<li>Was muss alles vorbereitet werden?<\/li>\n<li>Wie bringe ich die Sklavin ins Spiel?<\/li>\n<li>Wie vermeide ich &#8222;peinliche Pausen&#8220;?<\/li>\n<li>Was muss die Sklavin an diesem Abend beherrschen?<\/li>\n<li>Auf was muss ich achten, damit es f\u00fcr alle ein sch\u00f6ner Abend wird?<\/li>\n<li>Was ist zu tun, wenn etwas schief geht?<\/li>\n<\/ul>\n<p>&nbsp;<\/p>\n<p>All dies ist Teil dieses circa zweist\u00fcndigen Workshops.<br \/>\nAuf Wunsch f\u00fchre ich auch gerne private Einzelworkshops durch.<\/p>\n<p><strong>Termin: folgt, ab 20 Uhr, Einlass 19:30<\/strong><br \/>\n<b>Dauer:<\/b> ca 2 Stunden<br \/>\n<b>Ort:<\/b> Stuttgart<br \/>\n<b>Eintritt: 20 \u20ac<\/b><br \/>\n<b>Kontakt:<\/b> <a title=\"\" href=\"http:\/\/woschofius@woschofius.de\" target=\"_blank\" rel=\"noopener\">woschofius@woschofius.de<\/a>\u00a0 oder<br \/>\nAnmeldung \u00fcber mein Profil im Joyclub:<a href=\"http:\/\/www.joyclub.de\/my\/286156.woschofius.html\"> HIER<\/a><\/p>\n<p>Woschofius<\/p>\n","protected":false},"excerpt":{"rendered":"<p>Bereits in der ber\u00fchmten \u201eGeschichte der O\u201c werden Sklavinnen einem gr\u00f6\u00dferen Publikum vorgef\u00fchrt und anschlie\u00dfend zur sexuellen Benutzung und Abstrafung \u00fcberlassen. Die erotische Variante dieses Szenario fasziniert viele Menschen und vor allen Dingen viele Frauen. Es ist ein erotischer Kick <span class=\"excerpt-dots\">&hellip;<\/span> <a class=\"more-link\" href=\"https:\/\/www.woschofius.de\/?page_id=1691\"><span class=\"more-msg\">Weiterlesen &rarr;<\/span><\/a><\/p>\n","protected":false},"author":3,"featured_media":0,"parent":1658,"menu_order":2,"comment_status":"closed","ping_status":"closed","template":"","meta":{"ngg_post_thumbnail":0,"footnotes":""},"class_list":["post-1691","page","type-page","status-publish","hentry"],"_links":{"self":[{"href":"https:\/\/www.woschofius.de\/index.php?rest_route=\/wp\/v2\/pages\/1691","targetHints":{"allow":["GET"]}}],"collection":[{"href":"https:\/\/www.woschofius.de\/index.php?rest_route=\/wp\/v2\/pages"}],"about":[{"href":"https:\/\/www.woschofius.de\/index.php?rest_route=\/wp\/v2\/types\/page"}],"author":[{"embeddable":true,"href":"https:\/\/www.woschofius.de\/index.php?rest_route=\/wp\/v2\/users\/3"}],"replies":[{"embeddable":true,"href":"https:\/\/www.woschofius.de\/index.php?rest_route=%2Fwp%2Fv2%2Fcomments&post=1691"}],"version-history":[{"count":16,"href":"https:\/\/www.woschofius.de\/index.php?rest_route=\/wp\/v2\/pages\/1691\/revisions"}],"predecessor-version":[{"id":2882,"href":"https:\/\/www.woschofius.de\/index.php?rest_route=\/wp\/v2\/pages\/1691\/revisions\/2882"}],"up":[{"embeddable":true,"href":"https:\/\/www.woschofius.de\/index.php?rest_route=\/wp\/v2\/pages\/1658"}],"wp:attachment":[{"href":"https:\/\/www.woschofius.de\/index.php?rest_route=%2Fwp%2Fv2%2Fmedia&parent=1691"}],"curies":[{"name":"wp","href":"https:\/\/api.w.org\/{rel}","templated":true}]}}