{"id":1807,"date":"2015-03-31T09:42:02","date_gmt":"2015-03-31T07:42:02","guid":{"rendered":"http:\/\/www.woschofius.de\/?page_id=1807"},"modified":"2018-03-12T14:42:40","modified_gmt":"2018-03-12T13:42:40","slug":"die-geschichte-der-o","status":"publish","type":"page","link":"https:\/\/www.woschofius.de\/?page_id=1807","title":{"rendered":"Die Geschichte der O"},"content":{"rendered":"<p><a href=\"https:\/\/www.woschofius.de\/woschofius\/wp-content\/uploads\/lisa011.jpg\"><img loading=\"lazy\" decoding=\"async\" class=\"alignleft wp-image-888\" src=\"https:\/\/www.woschofius.de\/woschofius\/wp-content\/uploads\/lisa011.jpg\" alt=\"lisa01\" width=\"193\" height=\"285\" \/><\/a>Dieser Workshop\/Themenabend richtet sich an Personen, die sich f\u00fcr die &#8222;Geschichte der O&#8220; beziehungsweise deren Umsetzung in die Realit\u00e4t interessieren. Die &#8222;Geschichte der O&#8220; handelt von einer Frau, die sich von ihrem Geliebten auf ein Schlo\u00df bringen l\u00e4sst. Dort wird sie zur perfekten Sklavin ausgebildet.<\/p>\n<p>Im Rahmen ihrer Ausbildung wird sie gefesselt, ausgepeitscht, gekennzeichnet und gelehrt, jederzeit und f\u00fcr jeden sexuell verf\u00fcgbar zu sein.<\/p>\n<p>Infolink: <a href=\"http:\/\/de.wikipedia.org\/wiki\/Geschichte_der_O\">Wikipedia<\/a><\/p>\n<p>Dieser Workshop gibt einen \u00dcberblick bzw. liefert eine Anregung, wie dieses literarische Werk real umgesetzt werden kann.<\/p>\n<p>Kleine \u00dcbungen vertiefen das Ganze. Wer tiefer in das Thema einsteigen will, dem empfehle ich den <a href=\"https:\/\/www.woschofius.de\/?page_id=1945\">Praxisworkshop (Ausbildungsabend).<\/a><\/p>\n<p><strong>Der Inhalt im Einzelnen:<\/strong><\/p>\n<ul>\n<li>Sicherheit, SSC, RACK<\/li>\n<li>Allgemeines zur literarischen Vorlage<\/li>\n<li>24\/7 versus \u201cSpiel\u201d<\/li>\n<li>Die Grundstellungen, Kleiderordnung, Benimmregeln<\/li>\n<li>GOR?<\/li>\n<li>Sklavenvertr\u00e4ge<\/li>\n<li>Strafbuch und Bestrafungen<\/li>\n<li>\u00dcbergaberitual<\/li>\n<li>Kleine Szenarien, Einstiegshilfen<\/li>\n<li>Richtiges Bedienen am Tisch und in der Runde<\/li>\n<li>Die O im Alltag und in der \u00d6ffentlichkeit<\/li>\n<li>Kennzeichnungen (Typen und Beispiele)<\/li>\n<li>Pflichten des Herrn<\/li>\n<li>Das Spiel mit fremden Herren\/Sklavinnen<\/li>\n<li>Partybesuche\/ Events\/ Eigener Event<\/li>\n<li>Richtiges Bedienen<\/li>\n<li>Ausbildung einer O?<\/li>\n<li>Rituale und Szenarien<\/li>\n<li>Hilfreiche Links<\/li>\n<li>Sammlung von Medien (Filme, B\u00fccher, \u2026)<\/li>\n<\/ul>\n<p>&nbsp;<\/p>\n<p>Auf Wunsch f\u00fchre ich auch gerne private Einzelworkshops durch.<\/p>\n<p><strong>Dresscode:<\/strong> Keiner, aber die Damen gerne in erotischem Outfit, die Herren im Anzug oder gutes Casual. Bitte ggfls. erst in der Lokation umziehen (Anreise in &#8222;normal&#8220;)<\/p>\n<p><strong>Termin: folgt, ab 20 Uhr, Einlass 19:30<\/strong><br \/>\n<b>Dauer:<\/b> ca 2,5-3 Stunden<br \/>\n<b>Ort:<\/b> Stuttgart<br \/>\n<b>Eintritt: <b>20<\/b> \u20ac<\/b> pro Person inkl. Workshopunterlage (Maximal 10 Paare, Einzelpersonen nur nach R\u00fccksprache)<br \/>\n<b>Kontakt:<\/b> <a title=\"\" href=\"http:\/\/woschofius@woschofius.de\" target=\"_blank\" rel=\"noopener\">woschofius@woschofius.de<\/a>\u00a0 oder<br \/>\nAnmeldung \u00fcber mein Profil im Joyclub:<a href=\"http:\/\/www.joyclub.de\/my\/286156.woschofius.html\"> HIER<\/a><\/p>\n<p>Woschofius<\/p>\n<p>&nbsp;<\/p>\n<p>&nbsp;<\/p>\n","protected":false},"excerpt":{"rendered":"<p>Dieser Workshop\/Themenabend richtet sich an Personen, die sich f\u00fcr die &#8222;Geschichte der O&#8220; beziehungsweise deren Umsetzung in die Realit\u00e4t interessieren. Die &#8222;Geschichte der O&#8220; handelt von einer Frau, die sich von ihrem Geliebten auf ein Schlo\u00df bringen l\u00e4sst. Dort wird <span class=\"excerpt-dots\">&hellip;<\/span> <a class=\"more-link\" href=\"https:\/\/www.woschofius.de\/?page_id=1807\"><span class=\"more-msg\">Weiterlesen &rarr;<\/span><\/a><\/p>\n","protected":false},"author":3,"featured_media":0,"parent":1658,"menu_order":4,"comment_status":"closed","ping_status":"closed","template":"","meta":{"ngg_post_thumbnail":0,"footnotes":""},"class_list":["post-1807","page","type-page","status-publish","hentry"],"_links":{"self":[{"href":"https:\/\/www.woschofius.de\/index.php?rest_route=\/wp\/v2\/pages\/1807","targetHints":{"allow":["GET"]}}],"collection":[{"href":"https:\/\/www.woschofius.de\/index.php?rest_route=\/wp\/v2\/pages"}],"about":[{"href":"https:\/\/www.woschofius.de\/index.php?rest_route=\/wp\/v2\/types\/page"}],"author":[{"embeddable":true,"href":"https:\/\/www.woschofius.de\/index.php?rest_route=\/wp\/v2\/users\/3"}],"replies":[{"embeddable":true,"href":"https:\/\/www.woschofius.de\/index.php?rest_route=%2Fwp%2Fv2%2Fcomments&post=1807"}],"version-history":[{"count":33,"href":"https:\/\/www.woschofius.de\/index.php?rest_route=\/wp\/v2\/pages\/1807\/revisions"}],"predecessor-version":[{"id":2883,"href":"https:\/\/www.woschofius.de\/index.php?rest_route=\/wp\/v2\/pages\/1807\/revisions\/2883"}],"up":[{"embeddable":true,"href":"https:\/\/www.woschofius.de\/index.php?rest_route=\/wp\/v2\/pages\/1658"}],"wp:attachment":[{"href":"https:\/\/www.woschofius.de\/index.php?rest_route=%2Fwp%2Fv2%2Fmedia&parent=1807"}],"curies":[{"name":"wp","href":"https:\/\/api.w.org\/{rel}","templated":true}]}}