{"id":185,"date":"2013-10-21T16:13:12","date_gmt":"2013-10-21T14:13:12","guid":{"rendered":"http:\/\/www.woschofius.de\/woschofius\/?page_id=185"},"modified":"2015-09-13T18:10:45","modified_gmt":"2015-09-13T16:10:45","slug":"hoellentor","status":"publish","type":"page","link":"https:\/\/www.woschofius.de\/?page_id=185","title":{"rendered":"H\u00f6llentor"},"content":{"rendered":"<p><img loading=\"lazy\" decoding=\"async\" class=\"alignleft wp-image-591\" src=\"https:\/\/www.woschofius.de\/woschofius\/wp-content\/uploads\/harfenspiel.jpg\" alt=\"harfenspiel\" width=\"252\" height=\"360\" \/>Die Musik &#8222;H\u00f6llentor&#8220; geh\u00f6rt zu meinem gleichnamigen Bildband und kleidet die Bilder und Geschichten in eine dunklen Klangh\u00fclle. Die Musik kann als Download bei AMAZON und iTunes oder im <a title=\"Hinter dem Tor\" href=\"https:\/\/www.woschofius.de\/?page_id=501\">geschlossenen Bereich<\/a> f\u00fcr die Besitzer des <a title=\"H\u00f6llentor\" href=\"https:\/\/www.woschofius.de\/?page_id=158\">Bildbandes<\/a> kostenlos bezogen werden.<br \/>\nAnleihen an &#8222;Ambient&#8220; und &#8222;Ritual-Musik&#8220; sind klar zu erkennen und verleihen dem Ganzen eine herrlich d\u00fcstere Stimmung.<br \/>\nCh\u00f6re, Orgel, Ger\u00e4usche und Synthiekl\u00e4nge erschaffen dabei ein akustischen Sakralraum. Und auch mein &#8222;Woschofon&#8220; ist mit seinen archaischen T\u00f6nen auf dem Lied &#8222;Hoellentor&#8220; zu h\u00f6ren.<br \/>\nEin Klick auf die Playlist gibt Euch einen kurzen Vorgeschmack.<\/p>\n<p>Ihr k\u00f6nnt diese Titel (und alle anderen auch) rechts gegen eine kleine Spende von 9,90\u20ac downloaden.<\/p>\n<p>&nbsp;<\/p>\n<p>&nbsp;<\/p>\n<p>&nbsp;<\/p>\n<h4>Playlist<\/h4>\n<ul>\n<li><a href=\"https:\/\/www.woschofius.de\/woschofius\/wp-content\/uploads\/krypamp3short.mp3\">Krypta<\/a>\u00a0 &#8230;&#8230;&#8230;&#8230;&#8230;.. 04:49 Min<\/li>\n<li><a href=\"https:\/\/www.woschofius.de\/woschofius\/wp-content\/uploads\/hoellentormp3short.mp3\">H\u00f6llentor<\/a> &#8230;&#8230;&#8230;&#8230;.. 16:17 Min<\/li>\n<li><a title=\"\" href=\"https:\/\/www.woschofius.de\/downloads\/praeludiummp3short.mp3\">Praeludium<\/a> &#8230;&#8230;&#8230;. 06:00 Min<\/li>\n<\/ul>\n","protected":false},"excerpt":{"rendered":"<p>Die Musik &#8222;H\u00f6llentor&#8220; geh\u00f6rt zu meinem gleichnamigen Bildband und kleidet die Bilder und Geschichten in eine dunklen Klangh\u00fclle. Die Musik kann als Download bei AMAZON und iTunes oder im geschlossenen Bereich f\u00fcr die Besitzer des Bildbandes kostenlos bezogen werden. Anleihen <span class=\"excerpt-dots\">&hellip;<\/span> <a class=\"more-link\" href=\"https:\/\/www.woschofius.de\/?page_id=185\"><span class=\"more-msg\">Weiterlesen &rarr;<\/span><\/a><\/p>\n","protected":false},"author":3,"featured_media":0,"parent":49,"menu_order":2,"comment_status":"closed","ping_status":"closed","template":"","meta":{"ngg_post_thumbnail":0,"footnotes":""},"class_list":["post-185","page","type-page","status-publish","hentry"],"_links":{"self":[{"href":"https:\/\/www.woschofius.de\/index.php?rest_route=\/wp\/v2\/pages\/185","targetHints":{"allow":["GET"]}}],"collection":[{"href":"https:\/\/www.woschofius.de\/index.php?rest_route=\/wp\/v2\/pages"}],"about":[{"href":"https:\/\/www.woschofius.de\/index.php?rest_route=\/wp\/v2\/types\/page"}],"author":[{"embeddable":true,"href":"https:\/\/www.woschofius.de\/index.php?rest_route=\/wp\/v2\/users\/3"}],"replies":[{"embeddable":true,"href":"https:\/\/www.woschofius.de\/index.php?rest_route=%2Fwp%2Fv2%2Fcomments&post=185"}],"version-history":[{"count":22,"href":"https:\/\/www.woschofius.de\/index.php?rest_route=\/wp\/v2\/pages\/185\/revisions"}],"predecessor-version":[{"id":2173,"href":"https:\/\/www.woschofius.de\/index.php?rest_route=\/wp\/v2\/pages\/185\/revisions\/2173"}],"up":[{"embeddable":true,"href":"https:\/\/www.woschofius.de\/index.php?rest_route=\/wp\/v2\/pages\/49"}],"wp:attachment":[{"href":"https:\/\/www.woschofius.de\/index.php?rest_route=%2Fwp%2Fv2%2Fmedia&parent=185"}],"curies":[{"name":"wp","href":"https:\/\/api.w.org\/{rel}","templated":true}]}}