{"id":274,"date":"2013-10-21T18:16:08","date_gmt":"2013-10-21T16:16:08","guid":{"rendered":"http:\/\/www.woschofius.de\/woschofius\/?page_id=274"},"modified":"2015-09-11T11:54:57","modified_gmt":"2015-09-11T09:54:57","slug":"ausstellung","status":"publish","type":"page","link":"https:\/\/www.woschofius.de\/?page_id=274","title":{"rendered":"Ausstellung"},"content":{"rendered":"<p><img loading=\"lazy\" decoding=\"async\" class=\"alignleft wp-image-610\" src=\"https:\/\/www.woschofius.de\/woschofius\/wp-content\/uploads\/nies3.jpg\" alt=\"nies3\" width=\"279\" height=\"187\" srcset=\"https:\/\/www.woschofius.de\/wp-content\/uploads\/nies3.jpg 465w, https:\/\/www.woschofius.de\/wp-content\/uploads\/nies3-300x200.jpg 300w, https:\/\/www.woschofius.de\/wp-content\/uploads\/nies3-448x300.jpg 448w\" sizes=\"auto, (max-width: 279px) 100vw, 279px\" \/>Gerne stelle ich auch meine Werke in der \u00d6ffentlichkeit aus. Unter <a title=\"Vita\" href=\"https:\/\/www.woschofius.de\/?page_id=16\">VITA <\/a>findet ihr meine bereits durchgef\u00fchrten Ausstellungen.<\/p>\n<p>Zu Zeit suche ich eine Gallerie die mein <a title=\"Slots\" href=\"https:\/\/www.woschofius.de\/?page_id=155\">SLOT!-Projekt <\/a>zeigen m\u00f6chte, auch wenn es bis zur Fertigstellung noch etwas hin ist.<\/p>\n<p><strong>Termine:<\/strong> Aktuell keine&#8230;<\/p>\n<p>&nbsp;<\/p>\n","protected":false},"excerpt":{"rendered":"<p>Gerne stelle ich auch meine Werke in der \u00d6ffentlichkeit aus. Unter VITA findet ihr meine bereits durchgef\u00fchrten Ausstellungen. Zu Zeit suche ich eine Gallerie die mein SLOT!-Projekt zeigen m\u00f6chte, auch wenn es bis zur Fertigstellung noch etwas hin ist. Termine: <span class=\"excerpt-dots\">&hellip;<\/span> <a class=\"more-link\" href=\"https:\/\/www.woschofius.de\/?page_id=274\"><span class=\"more-msg\">Weiterlesen &rarr;<\/span><\/a><\/p>\n","protected":false},"author":3,"featured_media":0,"parent":51,"menu_order":15,"comment_status":"closed","ping_status":"closed","template":"","meta":{"ngg_post_thumbnail":0,"footnotes":""},"class_list":["post-274","page","type-page","status-publish","hentry"],"_links":{"self":[{"href":"https:\/\/www.woschofius.de\/index.php?rest_route=\/wp\/v2\/pages\/274","targetHints":{"allow":["GET"]}}],"collection":[{"href":"https:\/\/www.woschofius.de\/index.php?rest_route=\/wp\/v2\/pages"}],"about":[{"href":"https:\/\/www.woschofius.de\/index.php?rest_route=\/wp\/v2\/types\/page"}],"author":[{"embeddable":true,"href":"https:\/\/www.woschofius.de\/index.php?rest_route=\/wp\/v2\/users\/3"}],"replies":[{"embeddable":true,"href":"https:\/\/www.woschofius.de\/index.php?rest_route=%2Fwp%2Fv2%2Fcomments&post=274"}],"version-history":[{"count":4,"href":"https:\/\/www.woschofius.de\/index.php?rest_route=\/wp\/v2\/pages\/274\/revisions"}],"predecessor-version":[{"id":2095,"href":"https:\/\/www.woschofius.de\/index.php?rest_route=\/wp\/v2\/pages\/274\/revisions\/2095"}],"up":[{"embeddable":true,"href":"https:\/\/www.woschofius.de\/index.php?rest_route=\/wp\/v2\/pages\/51"}],"wp:attachment":[{"href":"https:\/\/www.woschofius.de\/index.php?rest_route=%2Fwp%2Fv2%2Fmedia&parent=274"}],"curies":[{"name":"wp","href":"https:\/\/api.w.org\/{rel}","templated":true}]}}