{"id":285,"date":"2013-10-21T18:31:13","date_gmt":"2013-10-21T16:31:13","guid":{"rendered":"http:\/\/www.woschofius.de\/woschofius\/?page_id=285"},"modified":"2016-03-30T19:05:11","modified_gmt":"2016-03-30T17:05:11","slug":"2nd-skin-folie-und-tapes-auf-nackter-haut","status":"publish","type":"page","link":"https:\/\/www.woschofius.de\/?page_id=285","title":{"rendered":"2nd SKIN- Folie und Tapes auf nackter Haut"},"content":{"rendered":"<p><img loading=\"lazy\" decoding=\"async\" class=\"alignleft wp-image-366\" src=\"https:\/\/www.woschofius.de\/woschofius\/wp-content\/uploads\/windspiel.jpg\" alt=\"windspiel\" width=\"260\" height=\"374\" srcset=\"https:\/\/www.woschofius.de\/wp-content\/uploads\/windspiel.jpg 434w, https:\/\/www.woschofius.de\/wp-content\/uploads\/windspiel-208x300.jpg 208w\" sizes=\"auto, (max-width: 260px) 100vw, 260px\" \/>Folie und Tape &#8230; das Model nackt und doch liegt das Material wie eine zweite Haut am K\u00f6rper.<br \/>\nBondagetapes umschlingen sie, Folien machen aus ihr ein Objekt,&#8230; das Model tanzt, w\u00e4hrend ein Luftstrom die durchsichtigen Schleier an ihren K\u00f6rper presst&#8230;<\/p>\n<p><b>Unter anderem sind geplant:<\/b><br \/>\n&#8211; Folienmumie<br \/>\n&#8211; Bondagetapes<br \/>\n&#8211; Windspiele<br \/>\n&#8211; Spiegelungen, Spiegelfolie<br \/>\n&#8211; Plexiglasscheibe<br \/>\n&#8211; Klebeb\u00e4ndern<\/p>\n<p>Das Shooting wird bis <i>klassischer Akt <\/i>sein.<br \/>\nMitzubringen sind eine eigene Kamera mit Blitzschuh und unbedingt ein Stativ sowie gute Laune.<\/p>\n<p>Zielgruppe sind Fotografen (Hobby bis professionell).<br \/>\nTeilnahme ab 18 Jahre<\/p>\n<p><b>Link zum Model:<b> <b><a title=\"Hakima\" href=\"https:\/\/www.model-kartei.de\/sedcards\/model\/229808\/hakima\/\"><b>Hakima<\/b><\/a><\/b><\/b><\/b><\/p>\n<p><strong>Termin: folgt ab 14 Uhr<\/strong><br \/>\n<b>Dauer: <\/b>ca 2,5- 3h mit Pausen<br \/>\n<b>Ort:<\/b> Studio in Ludwigsburg<br \/>\n<b>Preise:<\/b><br \/>\nGruppen mit maximal 4 Teilnehmer = 120\u20ac\/Person<br \/>\nEnthalten sind nicht-alkoholische Getr\u00e4nke.<br \/>\n<b>Vertrag:<\/b> Shootingvertrag ohne kommerzielle Rechte!<\/p>\n<p>Wer danach noch mit dem Model Weitershooten m\u00f6chte, kann dies f\u00fcr 80\u20ac die Stunde tun.<\/p>\n<p>Anmeldung <a title=\"\" href=\"mailto:woschofius@woschofius.de\" target=\"_blank\">HIER<\/a><br \/>\nBitte beachtet ggfls. meine<a title=\"AGBs\" href=\"https:\/\/www.woschofius.de\/woschofius\/?page_id=97\"> AGB<\/a><a title=\"\" href=\"https:\/\/www.woschofius.de\/agb.html\">.<\/a><br \/>\nTeilnahme auf eigene Gefahr<\/p>\n\n\t\t<style type=\"text\/css\">\n\t\t\t#gallery-1 {\n\t\t\t\tmargin: auto;\n\t\t\t}\n\t\t\t#gallery-1 .gallery-item {\n\t\t\t\tfloat: left;\n\t\t\t\tmargin-top: 10px;\n\t\t\t\ttext-align: center;\n\t\t\t\twidth: 11%;\n\t\t\t}\n\t\t\t#gallery-1 img {\n\t\t\t\tborder: 2px solid #cfcfcf;\n\t\t\t}\n\t\t\t#gallery-1 .gallery-caption {\n\t\t\t\tmargin-left: 0;\n\t\t\t}\n\t\t\t\/* see gallery_shortcode() in wp-includes\/media.php *\/\n\t\t<\/style>\n\t\t<div id='gallery-1' class='gallery galleryid-285 gallery-columns-9 gallery-size-thumbnail'><dl class='gallery-item'>\n\t\t\t<dt class='gallery-icon portrait'>\n\t\t\t\t<a href='https:\/\/www.woschofius.de\/?attachment_id=366'><img loading=\"lazy\" decoding=\"async\" width=\"150\" height=\"150\" src=\"https:\/\/www.woschofius.de\/wp-content\/uploads\/windspiel-150x150.jpg\" class=\"attachment-thumbnail size-thumbnail\" alt=\"\" \/><\/a>\n\t\t\t<\/dt><\/dl><dl class='gallery-item'>\n\t\t\t<dt class='gallery-icon portrait'>\n\t\t\t\t<a href='https:\/\/www.woschofius.de\/?attachment_id=357'><img loading=\"lazy\" decoding=\"async\" width=\"150\" height=\"150\" src=\"https:\/\/www.woschofius.de\/wp-content\/uploads\/mummyx-150x150.jpg\" class=\"attachment-thumbnail size-thumbnail\" alt=\"\" \/><\/a>\n\t\t\t<\/dt><\/dl><dl class='gallery-item'>\n\t\t\t<dt class='gallery-icon portrait'>\n\t\t\t\t<a href='https:\/\/www.woschofius.de\/?attachment_id=332'><img loading=\"lazy\" decoding=\"async\" width=\"150\" height=\"150\" src=\"https:\/\/www.woschofius.de\/wp-content\/uploads\/geflecht-150x150.jpg\" class=\"attachment-thumbnail size-thumbnail\" alt=\"\" \/><\/a>\n\t\t\t<\/dt><\/dl><dl class='gallery-item'>\n\t\t\t<dt class='gallery-icon portrait'>\n\t\t\t\t<a href='https:\/\/www.woschofius.de\/?attachment_id=117'><img loading=\"lazy\" decoding=\"async\" width=\"150\" height=\"150\" src=\"https:\/\/www.woschofius.de\/wp-content\/uploads\/alien1-150x150.jpg\" class=\"attachment-thumbnail size-thumbnail\" alt=\"\" \/><\/a>\n\t\t\t<\/dt><\/dl><dl class='gallery-item'>\n\t\t\t<dt class='gallery-icon portrait'>\n\t\t\t\t<a href='https:\/\/www.woschofius.de\/?attachment_id=6'><img loading=\"lazy\" decoding=\"async\" width=\"150\" height=\"150\" src=\"https:\/\/www.woschofius.de\/wp-content\/uploads\/2013\/10\/cocoon-150x150.jpg\" class=\"attachment-thumbnail size-thumbnail\" alt=\"\" \/><\/a>\n\t\t\t<\/dt><\/dl><dl class='gallery-item'>\n\t\t\t<dt class='gallery-icon portrait'>\n\t\t\t\t<a href='https:\/\/www.woschofius.de\/?attachment_id=641'><img loading=\"lazy\" decoding=\"async\" width=\"150\" height=\"150\" src=\"https:\/\/www.woschofius.de\/wp-content\/uploads\/tape-150x150.jpg\" class=\"attachment-thumbnail size-thumbnail\" alt=\"\" \/><\/a>\n\t\t\t<\/dt><\/dl><dl class='gallery-item'>\n\t\t\t<dt class='gallery-icon landscape'>\n\t\t\t\t<a href='https:\/\/www.woschofius.de\/?attachment_id=640'><img loading=\"lazy\" decoding=\"async\" width=\"150\" height=\"150\" src=\"https:\/\/www.woschofius.de\/wp-content\/uploads\/makingof-150x150.jpg\" class=\"attachment-thumbnail size-thumbnail\" alt=\"\" \/><\/a>\n\t\t\t<\/dt><\/dl><dl class='gallery-item'>\n\t\t\t<dt class='gallery-icon portrait'>\n\t\t\t\t<a href='https:\/\/www.woschofius.de\/?attachment_id=639'><img loading=\"lazy\" decoding=\"async\" width=\"150\" height=\"150\" src=\"https:\/\/www.woschofius.de\/wp-content\/uploads\/dance_lbb-150x150.jpg\" class=\"attachment-thumbnail size-thumbnail\" alt=\"\" \/><\/a>\n\t\t\t<\/dt><\/dl><dl class='gallery-item'>\n\t\t\t<dt class='gallery-icon portrait'>\n\t\t\t\t<a href='https:\/\/www.woschofius.de\/?attachment_id=638'><img loading=\"lazy\" decoding=\"async\" width=\"150\" height=\"150\" src=\"https:\/\/www.woschofius.de\/wp-content\/uploads\/ama9sw-150x150.jpg\" class=\"attachment-thumbnail size-thumbnail\" alt=\"\" \/><\/a>\n\t\t\t<\/dt><\/dl><br style=\"clear: both\" \/><dl class='gallery-item'>\n\t\t\t<dt class='gallery-icon portrait'>\n\t\t\t\t<a href='https:\/\/www.woschofius.de\/?attachment_id=1006'><img loading=\"lazy\" decoding=\"async\" width=\"150\" height=\"150\" src=\"https:\/\/www.woschofius.de\/wp-content\/uploads\/lex4klc-150x150.jpg\" class=\"attachment-thumbnail size-thumbnail\" alt=\"\" \/><\/a>\n\t\t\t<\/dt><\/dl><dl class='gallery-item'>\n\t\t\t<dt class='gallery-icon portrait'>\n\t\t\t\t<a href='https:\/\/www.woschofius.de\/?attachment_id=1005'><img loading=\"lazy\" decoding=\"async\" width=\"150\" height=\"150\" src=\"https:\/\/www.woschofius.de\/wp-content\/uploads\/lex2klc-150x150.jpg\" class=\"attachment-thumbnail size-thumbnail\" alt=\"\" \/><\/a>\n\t\t\t<\/dt><\/dl><dl class='gallery-item'>\n\t\t\t<dt class='gallery-icon landscape'>\n\t\t\t\t<a href='https:\/\/www.woschofius.de\/?attachment_id=1004'><img loading=\"lazy\" decoding=\"async\" width=\"150\" height=\"150\" src=\"https:\/\/www.woschofius.de\/wp-content\/uploads\/lex1klc-150x150.jpg\" class=\"attachment-thumbnail size-thumbnail\" alt=\"\" \/><\/a>\n\t\t\t<\/dt><\/dl>\n\t\t\t<br style='clear: both' \/>\n\t\t<\/div>\n\n<p>Die hier gezeigten Motive sind reine Beispiele. Im Workshop kann es je nach Model und Teilnehmer auch zu anderen Motiven kommen.<\/p>\n","protected":false},"excerpt":{"rendered":"<p>Folie und Tape &#8230; das Model nackt und doch liegt das Material wie eine zweite Haut am K\u00f6rper. Bondagetapes umschlingen sie, Folien machen aus ihr ein Objekt,&#8230; das Model tanzt, w\u00e4hrend ein Luftstrom die durchsichtigen Schleier an ihren K\u00f6rper presst&#8230; <span class=\"excerpt-dots\">&hellip;<\/span> <a class=\"more-link\" href=\"https:\/\/www.woschofius.de\/?page_id=285\"><span class=\"more-msg\">Weiterlesen &rarr;<\/span><\/a><\/p>\n","protected":false},"author":3,"featured_media":0,"parent":123,"menu_order":6,"comment_status":"closed","ping_status":"closed","template":"","meta":{"ngg_post_thumbnail":0,"footnotes":""},"class_list":["post-285","page","type-page","status-publish","hentry"],"_links":{"self":[{"href":"https:\/\/www.woschofius.de\/index.php?rest_route=\/wp\/v2\/pages\/285","targetHints":{"allow":["GET"]}}],"collection":[{"href":"https:\/\/www.woschofius.de\/index.php?rest_route=\/wp\/v2\/pages"}],"about":[{"href":"https:\/\/www.woschofius.de\/index.php?rest_route=\/wp\/v2\/types\/page"}],"author":[{"embeddable":true,"href":"https:\/\/www.woschofius.de\/index.php?rest_route=\/wp\/v2\/users\/3"}],"replies":[{"embeddable":true,"href":"https:\/\/www.woschofius.de\/index.php?rest_route=%2Fwp%2Fv2%2Fcomments&post=285"}],"version-history":[{"count":14,"href":"https:\/\/www.woschofius.de\/index.php?rest_route=\/wp\/v2\/pages\/285\/revisions"}],"predecessor-version":[{"id":2441,"href":"https:\/\/www.woschofius.de\/index.php?rest_route=\/wp\/v2\/pages\/285\/revisions\/2441"}],"up":[{"embeddable":true,"href":"https:\/\/www.woschofius.de\/index.php?rest_route=\/wp\/v2\/pages\/123"}],"wp:attachment":[{"href":"https:\/\/www.woschofius.de\/index.php?rest_route=%2Fwp%2Fv2%2Fmedia&parent=285"}],"curies":[{"name":"wp","href":"https:\/\/api.w.org\/{rel}","templated":true}]}}