{"id":49,"date":"2013-10-18T09:15:43","date_gmt":"2013-10-18T07:15:43","guid":{"rendered":"http:\/\/www.woschofius.de\/woschofius\/?page_id=49"},"modified":"2015-09-13T17:52:34","modified_gmt":"2015-09-13T15:52:34","slug":"audio","status":"publish","type":"page","link":"https:\/\/www.woschofius.de\/?page_id=49","title":{"rendered":"Audio"},"content":{"rendered":"<p><i><span style=\"color: #3366ff;\">&#8222;Die Musik ist die Sprache der Engel.&#8220; &#8211; Thomas Carlyle<\/span> <\/i><\/p>\n<div>\n<p><img loading=\"lazy\" decoding=\"async\" class=\"alignleft size-medium wp-image-336\" src=\"https:\/\/www.woschofius.de\/woschofius\/wp-content\/uploads\/jungfrau-212x300.jpg\" alt=\"jungfrau\" width=\"212\" height=\"300\" srcset=\"https:\/\/www.woschofius.de\/wp-content\/uploads\/jungfrau-212x300.jpg 212w, https:\/\/www.woschofius.de\/wp-content\/uploads\/jungfrau.jpg 442w\" sizes=\"auto, (max-width: 212px) 100vw, 212px\" \/>Musik sind nicht nur aneinandergereihte Kl\u00e4nge, sondern schwebende Emotionen. Jede Note, jeder Ton f\u00fcr sich ist leer, nur die Verbindung vieler Kl\u00e4nge ergeben einen Organismus, indem jeder seine Funktion hat. Der eine w\u00e4re nichts ohne das andere&#8230; gleich einem Ameisenhaufen. Musik ruft Emotionen hervor, macht traurig, froh, bedr\u00fcckt oder nachdenklich. Sie \u00f6ffnet auch die Seelen und macht uns empf\u00e4nglich&#8230; Meine Leidenschaft gilt der Ambientmusik, die gerne sakrale, Gothic oder spirituelle Anteile haben kann. Aber auch meine Musik steht niemals alleine. Immer wird sie begleitet von meinen Bildern, Geschichten und Fantasien.<br \/>\nErh\u00e4ltlich sind meine Werke im Plattenhandel, bei iTunes und Amazon. Ich habe einige kurze Schnipsel in den jeweiligen Tracklisten hinterlegt.<br \/>\nAuf der rechten Seite findest du meine bisherigen Ver\u00f6ffentlichungen.<\/p>\n<p>Du kannst meine Werke komplett als MP3 downloaden (siehe rechts). Daf\u00fcr musst Du mir allerdings f\u00fcr meine Projekte eine kleine Spende von 9,90\u20ac in den Hut werfen. Du wirst dann auf die Downloadseite umgeleitet.<\/p>\n<p><b>ACHTUNG:<\/b> Seit Mai\/2012 bin ich NICHT mehr Mitglied bei der GEMA.<\/p>\n<\/div>\n","protected":false},"excerpt":{"rendered":"<p>&#8222;Die Musik ist die Sprache der Engel.&#8220; &#8211; Thomas Carlyle Musik sind nicht nur aneinandergereihte Kl\u00e4nge, sondern schwebende Emotionen. Jede Note, jeder Ton f\u00fcr sich ist leer, nur die Verbindung vieler Kl\u00e4nge ergeben einen Organismus, indem jeder seine Funktion hat. <span class=\"excerpt-dots\">&hellip;<\/span> <a class=\"more-link\" href=\"https:\/\/www.woschofius.de\/?page_id=49\"><span class=\"more-msg\">Weiterlesen &rarr;<\/span><\/a><\/p>\n","protected":false},"author":3,"featured_media":0,"parent":0,"menu_order":6,"comment_status":"closed","ping_status":"closed","template":"","meta":{"ngg_post_thumbnail":0,"footnotes":""},"class_list":["post-49","page","type-page","status-publish","hentry"],"_links":{"self":[{"href":"https:\/\/www.woschofius.de\/index.php?rest_route=\/wp\/v2\/pages\/49","targetHints":{"allow":["GET"]}}],"collection":[{"href":"https:\/\/www.woschofius.de\/index.php?rest_route=\/wp\/v2\/pages"}],"about":[{"href":"https:\/\/www.woschofius.de\/index.php?rest_route=\/wp\/v2\/types\/page"}],"author":[{"embeddable":true,"href":"https:\/\/www.woschofius.de\/index.php?rest_route=\/wp\/v2\/users\/3"}],"replies":[{"embeddable":true,"href":"https:\/\/www.woschofius.de\/index.php?rest_route=%2Fwp%2Fv2%2Fcomments&post=49"}],"version-history":[{"count":13,"href":"https:\/\/www.woschofius.de\/index.php?rest_route=\/wp\/v2\/pages\/49\/revisions"}],"predecessor-version":[{"id":1278,"href":"https:\/\/www.woschofius.de\/index.php?rest_route=\/wp\/v2\/pages\/49\/revisions\/1278"}],"wp:attachment":[{"href":"https:\/\/www.woschofius.de\/index.php?rest_route=%2Fwp%2Fv2%2Fmedia&parent=49"}],"curies":[{"name":"wp","href":"https:\/\/api.w.org\/{rel}","templated":true}]}}