{"id":51,"date":"2013-10-18T09:16:51","date_gmt":"2013-10-18T07:16:51","guid":{"rendered":"http:\/\/www.woschofius.de\/woschofius\/?page_id=51"},"modified":"2018-03-07T16:30:32","modified_gmt":"2018-03-07T15:30:32","slug":"datum","status":"publish","type":"page","link":"https:\/\/www.woschofius.de\/?page_id=51","title":{"rendered":"Events"},"content":{"rendered":"<p><i><span style=\"color: #3366ff;\">&#8222;Die Ehrgeizigen und die Woll\u00fcstigen haben nur selten Zeit zu denken.&#8220; &#8211; Voltaire<\/span> <\/i><\/p>\n<p><img loading=\"lazy\" decoding=\"async\" class=\"alignleft wp-image-599\" src=\"https:\/\/www.woschofius.de\/woschofius\/wp-content\/uploads\/lesung_540.jpg\" alt=\"lesung_540\" width=\"200\" height=\"300\" srcset=\"https:\/\/www.woschofius.de\/wp-content\/uploads\/lesung_540.jpg 333w, https:\/\/www.woschofius.de\/wp-content\/uploads\/lesung_540-199x300.jpg 199w\" sizes=\"auto, (max-width: 200px) 100vw, 200px\" \/>Wie die meisten K\u00fcnstler bin auch ich eitel und pr\u00e4sentiere mich gerne in der \u00d6ffentlichkeit. Sobald ein Termin steht, wird er hier ver\u00f6ffentlicht. Ich nehme Dich auch gerne in meinen Newsletter auf und sende Dir rechtzeitig eine Information zu.<\/p>\n<p>Auf der rechten Seite k\u00f6nnt Ihr Euch durch die einzelnen Themen klicken.<\/p>\n<p>Wer es etwas erotisch-gruselig mag, ist bei der Lesung &#8222;Luzidus&#8220; richtig. Lustig geht es bei &#8222;Woschofius plaudert&#8230;&#8220; zu und spannend, informativ und trotzdem explizit ist die Lesung \u00fcber &#8222;de Sade&#8220;.<br \/>\n&#8222;Marionettenspieler&#8220; und &#8222;Feuchte F\u00e4den&#8220; entf\u00fchrt Dich in die Welt einer jungen Frau die Ihre Sexualit\u00e4t entdeckt und dann gibt es noch die Comedy-Lesung \ud83d\ude42<br \/>\nVeranstalter k\u00f6nnen sich also gerne bei mir melden- und lese ich auch auf privaten Veranstaltungen.<\/p>\n<p><strong>N\u00e4chste Veranstaltungen:<\/strong><\/p>\n<ul>\n<li>folgt<\/li>\n<\/ul>\n<p>&nbsp;<\/p>\n<p>Bitte beachtet ggfls. meine <a title=\"AGBs\" href=\"https:\/\/www.woschofius.de\/?page_id=97\">AGB.<\/a><\/p>\n","protected":false},"excerpt":{"rendered":"<p>&#8222;Die Ehrgeizigen und die Woll\u00fcstigen haben nur selten Zeit zu denken.&#8220; &#8211; Voltaire Wie die meisten K\u00fcnstler bin auch ich eitel und pr\u00e4sentiere mich gerne in der \u00d6ffentlichkeit. Sobald ein Termin steht, wird er hier ver\u00f6ffentlicht. Ich nehme Dich auch <span class=\"excerpt-dots\">&hellip;<\/span> <a class=\"more-link\" href=\"https:\/\/www.woschofius.de\/?page_id=51\"><span class=\"more-msg\">Weiterlesen &rarr;<\/span><\/a><\/p>\n","protected":false},"author":3,"featured_media":0,"parent":0,"menu_order":13,"comment_status":"closed","ping_status":"closed","template":"","meta":{"ngg_post_thumbnail":0,"footnotes":""},"class_list":["post-51","page","type-page","status-publish","hentry"],"_links":{"self":[{"href":"https:\/\/www.woschofius.de\/index.php?rest_route=\/wp\/v2\/pages\/51","targetHints":{"allow":["GET"]}}],"collection":[{"href":"https:\/\/www.woschofius.de\/index.php?rest_route=\/wp\/v2\/pages"}],"about":[{"href":"https:\/\/www.woschofius.de\/index.php?rest_route=\/wp\/v2\/types\/page"}],"author":[{"embeddable":true,"href":"https:\/\/www.woschofius.de\/index.php?rest_route=\/wp\/v2\/users\/3"}],"replies":[{"embeddable":true,"href":"https:\/\/www.woschofius.de\/index.php?rest_route=%2Fwp%2Fv2%2Fcomments&post=51"}],"version-history":[{"count":99,"href":"https:\/\/www.woschofius.de\/index.php?rest_route=\/wp\/v2\/pages\/51\/revisions"}],"predecessor-version":[{"id":2879,"href":"https:\/\/www.woschofius.de\/index.php?rest_route=\/wp\/v2\/pages\/51\/revisions\/2879"}],"wp:attachment":[{"href":"https:\/\/www.woschofius.de\/index.php?rest_route=%2Fwp%2Fv2%2Fmedia&parent=51"}],"curies":[{"name":"wp","href":"https:\/\/api.w.org\/{rel}","templated":true}]}}