{"id":910,"date":"2013-11-07T18:58:56","date_gmt":"2013-11-07T17:58:56","guid":{"rendered":"http:\/\/www.woschofius.de\/?page_id=910"},"modified":"2015-11-27T08:17:21","modified_gmt":"2015-11-27T07:17:21","slug":"weihnachtszeit","status":"publish","type":"page","link":"https:\/\/www.woschofius.de\/?page_id=910","title":{"rendered":"Geschenkideen"},"content":{"rendered":"<p><a href=\"https:\/\/www.woschofius.de\/woschofius\/wp-content\/uploads\/messer.jpg\"><img loading=\"lazy\" decoding=\"async\" class=\"alignleft wp-image-339\" src=\"https:\/\/www.woschofius.de\/woschofius\/wp-content\/uploads\/messer.jpg\" alt=\"messer\" width=\"166\" height=\"239\" srcset=\"https:\/\/www.woschofius.de\/wp-content\/uploads\/messer.jpg 434w, https:\/\/www.woschofius.de\/wp-content\/uploads\/messer-208x300.jpg 208w\" sizes=\"auto, (max-width: 166px) 100vw, 166px\" \/><\/a>Du brauchst das ideale Geschenk f\u00fcr deine(n) Liebste(n)?<br \/>\nDer Platz unter dem Weihnachtsbaum ist noch leer?<br \/>\nDer Geburtstag naht?<\/p>\n<p>Wie w\u00e4re es mit etwas ganz besonderem?<br \/>\nEin private Lesung oder ein Fotoshooting f\u00fcr einen Kalender?<\/p>\n<p>Oder ein Gutschein f\u00fcr die Teilnahme an einen Foto-Workshop?<\/p>\n<p>Einen Bondage-Kurs?<\/p>\n<p>Nun, hier werde Sie geholfen \ud83d\ude42<\/p>\n<p>Folgende Geschenke habe ich f\u00fcr Dich zur Auswahl:<\/p>\n<p>&nbsp;<\/p>\n<p><strong>Die Lesung<\/strong>:<br \/>\nIch komme zu Euch, der Raum ist in Kerzenlicht getaucht, leise Musik schwingt uns ein- dann beginne ich euch erotische Geschichten zu erz\u00e4hlen.<br \/>\n<strong>Dauer:<\/strong> 2 Stunden<br \/>\n<strong>Kosten:<\/strong> 250\u20ac zzgl. Anreise<\/p>\n<p><strong>Das Shooting:<\/strong><br \/>\nIhr wollt besondere Fotos von Euch? Das Einfangen eures Spiels? Ein spezielles Motiv?<br \/>\n<strong>Dauer:<\/strong> 3 Stunden und Bearbeitung der Fotos<br \/>\n<strong>Kosten:<\/strong> 200\u20ac zzgl. Anreise<\/p>\n<p><strong>Der Workshop:<\/strong><br \/>\nDein Partner oder Partnerin fotografiert gerne? Ich biete Workshops zu verschiedenen Themen an <a title=\"Workshop\" href=\"https:\/\/www.woschofius.de\/?page_id=123\">(MEHR)<\/a>.<br \/>\n<strong>Dauer:<\/strong> 2-3 Stunden<br \/>\n<strong>Kosten:<\/strong> Je nach Workhshop<\/p>\n<p><strong>Bondagekurs:<\/strong><br \/>\nIhr wollt Euch Grundkenntnisse in Bondage aneignen? Hier das ideale Geschenk f\u00fcr Euch <a title=\"Bondage-Kurs\" href=\"https:\/\/www.woschofius.de\/?page_id=965\">(MEHR<\/a>).<br \/>\n<strong>Dauer:<\/strong> 3 Stunden<br \/>\n<strong>Kosten:<\/strong> 200\u20ac<\/p>\n<p>Kontakt: <a href=\"mailto:woschofius@woschofius.de\">woschofius@woschofius.de<\/a><\/p>\n","protected":false},"excerpt":{"rendered":"<p>Du brauchst das ideale Geschenk f\u00fcr deine(n) Liebste(n)? Der Platz unter dem Weihnachtsbaum ist noch leer? Der Geburtstag naht? Wie w\u00e4re es mit etwas ganz besonderem? Ein private Lesung oder ein Fotoshooting f\u00fcr einen Kalender? Oder ein Gutschein f\u00fcr die <span class=\"excerpt-dots\">&hellip;<\/span> <a class=\"more-link\" href=\"https:\/\/www.woschofius.de\/?page_id=910\"><span class=\"more-msg\">Weiterlesen &rarr;<\/span><\/a><\/p>\n","protected":false},"author":3,"featured_media":0,"parent":51,"menu_order":16,"comment_status":"closed","ping_status":"closed","template":"","meta":{"ngg_post_thumbnail":0,"footnotes":""},"class_list":["post-910","page","type-page","status-publish","hentry"],"_links":{"self":[{"href":"https:\/\/www.woschofius.de\/index.php?rest_route=\/wp\/v2\/pages\/910","targetHints":{"allow":["GET"]}}],"collection":[{"href":"https:\/\/www.woschofius.de\/index.php?rest_route=\/wp\/v2\/pages"}],"about":[{"href":"https:\/\/www.woschofius.de\/index.php?rest_route=\/wp\/v2\/types\/page"}],"author":[{"embeddable":true,"href":"https:\/\/www.woschofius.de\/index.php?rest_route=\/wp\/v2\/users\/3"}],"replies":[{"embeddable":true,"href":"https:\/\/www.woschofius.de\/index.php?rest_route=%2Fwp%2Fv2%2Fcomments&post=910"}],"version-history":[{"count":11,"href":"https:\/\/www.woschofius.de\/index.php?rest_route=\/wp\/v2\/pages\/910\/revisions"}],"predecessor-version":[{"id":2317,"href":"https:\/\/www.woschofius.de\/index.php?rest_route=\/wp\/v2\/pages\/910\/revisions\/2317"}],"up":[{"embeddable":true,"href":"https:\/\/www.woschofius.de\/index.php?rest_route=\/wp\/v2\/pages\/51"}],"wp:attachment":[{"href":"https:\/\/www.woschofius.de\/index.php?rest_route=%2Fwp%2Fv2%2Fmedia&parent=910"}],"curies":[{"name":"wp","href":"https:\/\/api.w.org\/{rel}","templated":true}]}}